umber?
False
Is 482470883 a composite number?
True
Is 75602039 prime?
True
Is 2699327 a prime number?
True
Is 7240697 composite?
True
Is 7543351 prime?
True
Is 5219329 composite?
True
Is 64985953 a composite number?
True
Is 133840583 a prime number?
False
Is 92666741 a prime number?
True
Is 71803189 prime?
False
Is 63826223 a composite number?
False
Is 250651873 a prime number?
True
Is 2005151 a composite number?
False
Is 41811311 prime?
True
Is 11074963 prime?
True
Is 3625123 prime?
True
Is 5731919 a composite number?
False
Is 1421026 prime?
False
Is 3263831 a prime number?
True
Is 23665631 prime?
False
Is 14012417 a composite number?
False
Is 8562595 a composite number?
True
Is 41105413 a prime number?
True
Is 13835707 a prime number?
True
Is 199577819 prime?
False
Is 639356039 a prime number?
False
Is 13251661 a composite number?
True
Is 320137343 a composite number?
False
Is 140231855 prime?
False
Is 1906811 composite?
False
Is 169756321 prime?
False
Is 106946149 a prime number?
False
Is 30432767 a prime number?
True
Is 38155591 prime?
False
Is 63145855 prime?
False
Is 317014 prime?
False
Is 3401501 a prime number?
True
Is 33890051 a composite number?
True
Is 2345533 a prime number?
True
Is 61189081 prime?
True
Is 205517467 a composite number?
False
Is 6403897 a prime number?
False
Is 89243905 composite?
True
Is 161614367 a prime number?
True
Is 645075947 a prime number?
True
Is 675778487 composite?
False
Is 1649887 composite?
False
Is 77774887 composite?
True
Is 1313423 prime?
True
Is 32523241 a composite number?
False
Is 1959931 composite?
True
Is 8398505 a composite number?
True
Is 476263 composite?
True
Is 4246505 a composite number?
True
Is 2347823 a prime number?
True
Is 370849 a prime number?
False
Is 25147147 a composite number?
True
Is 510676139 prime?
True
Is 406206191 a prime number?
True
Is 433651201 composite?
True
Is 791675561 a composite number?
False
Is 12134267 a prime number?
False
Is 29805383 prime?
False
Is 507109 a prime number?
True
Is 707069 a composite number?
True
Is 14039321 composite?
False
Is 4739857 prime?
True
Is 1014487 composite?
False
Is 3208267 a composite number?
True
Is 45233605 composite?
True
Is 3690923 a prime number?
True
Is 11314421 prime?
True
Is 21614507 a prime number?
False
Is 26585029 composite?
False
Is 554117 composite?
False
Is 111933293 a prime number?
False
Is 80316559 composite?
False
Is 1548719 composite?
False
Is 2139329 prime?
False
Is 1148387 a composite number?
False
Is 124835 a composite number?
True
Is 4954351 composite?
False
Is 679457 a composite number?
True
Is 142460653 composite?
False
Is 28967729 composite?
True
Is 104635001 a composite number?
True
Is 476365 a prime number?
False
Is 82830281 a composite number?
True
Is 12751873 a prime number?
True
Is 36792589 a prime number?
True
Is 3064953 composite?
True
Is 96356243 prime?
True
Is 8957554 composite?
True
Is 2050621 composite?
False
Is 21119863 a composite number?
False
Is 3374783 a composite number?
False
Is 1872043 composite?
False
Is 6164891 prime?
True
Is 322474397 composite?
True
Is 3422971 prime?
True
Is 1137527 a composite number?
False
Is 660462787 prime?
False
Is 313835731 a prime number?
False
Is 27828289 a prime number?
True
Is 50389873 a composite number?
False
Is 18178669 a prime number?
True
Is 1849981 composite?
True
Is 202028726 prime?
False
Is 3818431 composite?
False
Is 21608603 a prime number?
True
Is 22158881 a prime number?
True
Is 550287587 prime?
True
Is 57675553 a composite number?
True
Is 9420253 prime?
True
Is 5576633 prime?
False
Is 7215119 prime?
True
Is 176003617 a prime number?
True
Is 8170177 prime?
True
Is 35986103 prime?
True
Is 26524271 composite?
False
Is 477527929 composite?
False
Is 536357 composite?
False
Is 6314151 a composite number?
True
Is 285352283 a prime number?
False
Is 335974 composite?
True
Is 16297009 a composite number?
True
Is 12973993 prime?
False
Is 322662119 prime?
False
Is 661039 a composite number?
True
Is 8816531 composite?
False
Is 1260269 a composite number?
False
Is 6780551 a composite number?
False
Is 353116373 prime?
False
Is 351309733 prime?
True
Is 4840349 a composite number?
False
Is 304127 a prime number?
True
Is 335917 a prime number?
True
Is 35964443 prime?
False
Is 406599 composite?
True
Is 260978 composite?
True
Is 1457605 a prime number?
False
Is 961927 a composite number?
False
Is 3189359 a composite number?
True
Is 167385139 a composite number?
False
Is 63018401 composite?
True
Is 143838553 a composite number?
False
Is 5831065 composite?
True
Is 289161161 a prime number?
True
Is 15319957 a prime number?
False
Is 15694417 a composite number?
True
Is 1113791 prime?
False
Is 7438891 composite?
False
Is 148667357 prime?
False
Is 652468667 prime?
False
Is 198597491 prime?
True
Is 59495677 a composite number?
False
Is 710538163 a prime number?
True
Is 433966031 prime?
True
Is 57520081 a prime number?
False
Is 132103 a prime number?
True
Is 619657 a composite number?
False
Is 4227631 prime?
False
Is 10893377 a composite number?
True
Is 305329 composite?
False
Is 13005673 composite?
False
Is 17720519 composite?
True
Is 34104269 prime?
False
Is 13006321 a composite number?
False
Is 4210223 a prime number?
False
Is 1169725837 prime?
False
Is 74070743 a prime number?
False
Is 921871 a composite number?
False
Is 585882893 composite?
True
Is 12010067 composite?
True
Is 8144291 composite?
False
Is 2701289 a prime number?
False
Is 1733051 a composite number?
True
Is 49276265 composite?
True
Is 4861347 composite?
True
Is 7563077 a composite number?
True
Is 64270697 prime?
False
Is 500609 prime?
False
Is 7629607 prime?
True
Is 369791 a composite number?
False
Is 1332207961 a composite number?
True
Is 720079 a composite number?
True
Is 1712219 a composite number?
False
Is 21199931 composite?
True
Is 102038171 a composite number?
True
Is 10892785 a composite number?
True
Is 43076149 prime?
True
Is 76767329 prime?
True
Is 540609683 prime?
False
Is 11760062 prime?
False
Is 47187809 composite?
False
Is 6208303 a composite number?
False
Is 93697561 composite?
True
Is 17598431 a prime number?
True
Is 155454095 prime?
False
Is 148067653 a prime number?
True
Is 8759033 composite?
False
Is 306221 prime?
False
Is 107717971 composite?
True
Is 86622719 prime?
False
Is 25234901 a prime number?
False
Is 4332073 a composite number?
True
Is 2178131 a composite number?
False
Is 460819 a composite number?
True
Is 84215291 prime?
True
Is 199344939 composite?
True
Is 11176639 composite?
True
Is 1716707 a prime number?
False
Is 28271 a composite number?
True
Is 1298321 composite?
True
Is 1432271 a composite number?
False
Is 81881153 a prime number?
True
Is 5089283 prime?
False
Is 751260713 prime?
False
Is 33723203 composite?
False
Is 170047 a composite number?
False
Is 90098581 composite?
False
Is 13315829 prime?
False
Is 9434657 a composite number?
True
Is 6144647 composite?
False
Is 111279887 composite?
False
Is 41097229 a prime number?
True
Is 915961 prime?
True
Is 11012203 prime?
True
Is 937880507 composite?
False
Is 7371113 a prime number?
True
Is 480517 prime?
True
Is 135865753 a prime number?
False
Is 89017289 prime?
False
Is 1316951 a composite number?
False
Is 31908133 composite?
True
Is 7342715 a composite number?
True
Is 18251687 prime?
True
Is 301573637 prime?
True
Is 401724307 prime?
True
Is 33917467 composite?
False
Is 49955569 a prime number?
True
Is 264533 composite?
True
Is 23167559 prime?
True
Is 310470551 composite?
True
Is 13058801 composite?
True
Is 2451143 a prime number?
True
Is 2285479 prime?
False
Is 6391291 prime?
False
Is 2886857 prime?
False
Is 196978673 a prime number?
False
Is 303419801 a composite number?
False
Is 1208927 a composite number?
False
Is 338627 prime?
False
Is 5429013 composite?
True
Is 1735841 a composite number?
True
Is 1023893095 composite?
True
Is 5050907 a composite number?
True
Is 2347991 prime?
True
Is 30192469 composite?
False
Is 378481507 a composite number?
False
Is 334732267 prime?
False
Is 266704654 composite?
True
Is 1564267 a prime number?
False
Is 22919411 prime?
True
Is 15222223 a composite number?
False
Is 149861107 a composite number?
True
Is 8582293 a composite number?
False
Is 73915657 a prime number?
False
Is 278169335 a